 units digit of b?
4
Suppose 3*h + 2*m = -3*m + 28, -4 = h - m. Let r(f) = -8*f - 1. Let c be r(h). Let v(o) = o**3 + 9*o**2 - o - 5. What is the units digit of v(c)?
4
Suppose 3*p - 8 = -p, 0 = 2*t + 2*p - 14. Let r(g) = -g**2 + 4*g + 6. What is the units digit of r(t)?
1
Let n = -43 - -89. What is the tens digit of n?
4
Let q = 31 - 10. What is the units digit of q?
1
Suppose -4*l - 6 = 4*q - 2, 2*l - q = 13. Suppose -4*a - f = -2 - 78, 5*a + l*f - 89 = 0. What is the units digit of a?
1
Suppose 5*k - s - 16 = 4*k, -5*k = -s - 68. What is the units digit of k?
3
Suppose 0*r = -5*r - 2*k + 353, -5*r = 3*k - 357. What is the units digit of r?
9
Let t(x) = -x**3 - 2*x**2 + 5*x - 1. Let b(l) = -l. Let i be b(4). What is the units digit of t(i)?
1
Suppose -r = -1, n + r - 36 = -0*r. Let c = -10 - -15. Suppose -15 - n = -c*i. What is the tens digit of i?
1
Let n(s) = 3*s**2 - 29*s - 13. What is the units digit of n(14)?
9
Let r = -271 - -495. What is the tens digit of r?
2
Let n(l) = l**2 + 7*l + 3. Suppose -3*c = 10 + 11. What is the units digit of n(c)?
3
What is the units digit of ((-2)/(-1) + 40)*(-54)/(-12)?
9
Let a(f) = -f**2 - 6*f - 1. Let q be a(-5). Suppose 0 = -q*j + j + 2*y - 4, -y = -4*j + 3. Suppose 3 = l + j*l. What is the units digit of l?
1
Let v = 52 + -30. Suppose -3*m + v = 1. What is the units digit of m?
7
Suppose 5*y + 0*y = 2*v - 165, -v + 84 = -4*y. What is the tens digit of v?
8
Let h(a) = 2*a + 4*a - 4*a - 1. What is the units digit of h(3)?
5
Suppose -2 = 2*a - 6, 0 = -r - 3*a + 39. What is the units digit of r?
3
Let o = 3 - 0. Suppose 7*h - o*h = 40. What is the units digit of (-6)/(-15) - (-46)/h?
5
Let d = -29 + 57. Suppose 0*r + 5*c + d = r, 2*r - 2*c - 16 = 0. Suppose -z - r*z = 5*b - 2, 5*b = -z + 8. What is the units digit of b?
2
Suppose -432 = -5*v - 3*v. What is the tens digit of v?
5
Suppose -6*j - 592 = -10*j. What is the units digit of j?
8
Let z(h) = -2*h + 1. Let f = -7 - 0. Let v be (f/(-14))/(2/(-24)). What is the tens digit of z(v)?
1
Suppose 20*i = 10*i + 620. What is the tens digit of i?
6
Let a(l) = 2*l**3 + 4*l**2 + 2*l + 2. Let c be a(-4). What is the tens digit of c/(-4) + (-3)/6?
1
Let t = 6 - 6. Suppose t = -6*u + 2*u + 52. What is the tens digit of u?
1
Suppose 0 = u - 3*u + 6. Let s be -2 + u + 1*-2. What is the units digit of 0 + s + 1 - -6?
6
Suppose 0 = 3*c - c - 16. Suppose c*s = 4*s + 32. What is the units digit of s?
8
Let y(c) = c**2 + 4*c - 2. Suppose 3*k = 6*a - 3*a + 24, -k + 8 = 4*a. Let g be 4*1*(-10)/k. What is the units digit of y(g)?
3
Suppose 2*k + 2*i - 300 = -3*i, -3*k + 5*i = -450. Suppose 0 = 4*z + z - k. Suppose 0 = -c - 2*c + z. What is the units digit of c?
0
Let i(u) = -u**2 - 14*u - 13. Let v be i(-9). Let s = 58 - v. Suppose -2*l - s = -4*l. What is the tens digit of l?
1
Suppose -t + v + 9 = 0, -2*t = -6*t + 3*v + 39. What is the units digit of t?
2
Suppose 0*o + 5*o - 110 = 0. Suppose 13 = h + 2*r, -5*h - 2*r + o = -3. What is the units digit of h?
3
Suppose 0 = -3*y + 27 - 9. Let v = y - 5. What is the units digit of v?
1
Suppose 1 = -5*s + 11. Let a = 2 - s. Suppose -2*l + 13 = -a*w + w, -4*w = l + 11. What is the units digit of l?
9
What is the hundreds digit of (-6)/(-8)*(19 + 169)?
1
Suppose 0 = -4*d - 2*g + 10, -5*g = 4*d - 3 - 10. Suppose 14 = 2*n - d*i, 3 = n - 2*i - 6. What is the units digit of n?
5
Suppose -2*c = 3*c. Suppose 0*z + 3*z - 4*r - 44 = c, 0 = 4*z + r - 46. What is the tens digit of z?
1
Let c be -1 + -1 - (3 - 1). Let i(m) = -5*m + 4. Let u be i(c). Suppose -4*t + 33 = 4*g - 15, g - 5*t - u = 0. What is the units digit of g?
4
Suppose -b - 2*h = -43, 0 = b - h + 2*h - 44. What is the tens digit of b?
4
Let a = -38 + 308. What is the hundreds digit of a?
2
Suppose -4*d + 2*n - 48 = 0, -3*d - 2*d - 42 = 2*n. Let f = 18 + d. What is the units digit of f?
8
Let x be (-12)/(-42) - (-201)/7. Let w = -17 + x. What is the tens digit of w?
1
Suppose -3*d - 25 = 2*d. Let u(v) = -v. Let o be u(d). Suppose -2*y + 6 = o*q, -q + 15 = 4*y - 15. What is the units digit of y?
8
Let u(o) be the first derivative of o**4/4 - o**2/2 + 7*o + 3. Suppose -4*g + 2*g - 5*h + 10 = 0, 2*g - 5*h + 10 = 0. What is the units digit of u(g)?
7
Suppose t + 12 = 3*r - 2*t, -5*t = -2*r + 17. What is the tens digit of (32 + 2)/2*r?
1
What is the units digit of 258/3 - (0 - (2 + -1))?
7
Let o(d) = -4*d**3 - 10*d**2 + d + 2. Let w(s) = -s**3 - s**2. Suppose 0 = 3*t - 15. Let u(l) = t*w(l) - o(l). What is the tens digit of u(4)?
1
Let b = -1 - 0. Let v = 7 + b. What is the units digit of 4/v + 95/15?
7
Let y = 323 + -208. What is the units digit of y?
5
Suppose -3*j + 2*u + 24 = -3*u, -3*j = 3*u - 48. What is the tens digit of j?
1
Let s = -44 + 105. What is the units digit of s?
1
Suppose -8*q - 567 = -17*q. What is the tens digit of q?
6
Suppose -t + 2*t = 0. Let r be (0/(t + 3))/(-1). Suppose r = -3*c + 4*c - 5. What is the units digit of c?
5
Suppose 0 = -4*y + 2*y + 6. Let s be (12 - 9) + (2 - 1). Suppose 3*m - s*j - 16 = 0, -y*j - 5 = 2*m - 44. What is the tens digit of m?
1
Let i(k) = 10*k - 1. Suppose 0 = -2*d - 5*q + 8 + 23, -5*d - 5*q + 40 = 0. Suppose d*t = t + 2. What is the units digit of i(t)?
9
Let w(m) = -m**3 + m**2. Let h be w(1). Suppose -k + 0*k + 5*l + 12 = h, -2*k + 3 = -3*l. What is the units digit of (-2)/6 + (-4)/k?
1
Let h be (40 - 2)/(-2) + -1. Suppose -3*j - 6*w = -3*w - 81, 4*w + 109 = 3*j. Let p = j + h. What is the tens digit of p?
1
Suppose 3*s - 4*z - 44 = 9, -z + 39 = 4*s. Suppose 5*l + k = 3*k + s, -5*l + k = -8. What is the units digit of l?
1
Suppose -2*f - 65 = 3*f - 5*u, 0 = -5*f - 4*u - 74. Let k = f - -21. What is the units digit of k?
7
Suppose 5 = q + 2. Let h(s) = s - 4 + 0*s + s**3 + q*s**2 + 2*s**2. What is the units digit of h(-3)?
1
Let f = 15 + -6. Suppose 2*i = -3*c + 7, -6*i = -c - 2*i + 7. Let o = f - c. What is the units digit of o?
6
Suppose -k = k - 20. What is the units digit of k?
0
Let d = -9 - -14. Let t = d - 4. What is the units digit of t?
1
Let k = -73 - -162. Suppose -118 = -5*a - j + k, -5*j = 3*a - 133. What is the units digit of a?
1
Suppose 4*u + 2 = 10. Suppose -u*n - n - 17 = -2*y, 4*n + 53 = 5*y. What is the tens digit of y?
1
Suppose -5*m + 0*m = -5*o - 40, -5*m = 3*o + 16. Let h = o + 7. Suppose h = 5*d + 10 - 40. What is the units digit of d?
6
Let z be (2/3)/(2/3). Let v be -1 - (-21)/(3/(-1)). What is the units digit of z/(-4) - 18/v?
2
Let b be (-1)/(4/(-4)) - 1. Suppose 3*r - 5*q - 105 = b, r + 4*q - 43 = 3*q. What is the units digit of r?
0
Let g(f) = -f**2 + 8*f + 9. Let l be g(9). Suppose -3*w - 4 + 16 = l. What is the units digit of w?
4
Suppose -5*c - 5 = 0, 2*u + 3*c = u + 19. Let v = -4 + u. What is the tens digit of v?
1
Suppose 80 = -2*f - 4*z, -3*f - 189 = 2*f - z. Let l = -23 - f. What is the units digit of l?
5
Let c = 564 + -347. What is the hundreds digit of c?
2
Suppose 3*r = 2*j - 24, 5*j + 2*r - 42 = 5*r. Let x be -1 + (-5)/((-15)/j). Let y = x - 0. What is the units digit of y?
1
Let a(t) = t**3 + 7*t**2 + 5*t + 7. What is the units digit of a(-6)?
3
Let a(i) = -i**3 + 8*i**2 + 2*i + 5. Let f(o) = 3*o**3 - 23*o**2 - 6*o - 15. Let k(b) = 8*a(b) + 3*f(b). What is the tens digit of k(6)?
1
Let b(q) be the first derivative of -2 + 2*q - 2*q**3 - 1/4*q**4 + 7/2*q**2. What is the units digit of b(-7)?
2
Suppose -v = 5*i - 468, 3*v - 2*v - 186 = -2*i. What is the tens digit of i?
9
Suppose 3*v = -20 - 112. Let c be v/(-3)*(-15)/(-10). Suppose -43 - c = -5*l. What is the tens digit of l?
1
Let s(z) = 28*z + 13. What is the units digit of s(4)?
5
Let h(f) = -1 - 6*f + 3*f - 3. Let u be h(-4). Suppose 3*o = -i + u, 4*o - 3*i - 17 = 2*i. What is the units digit of o?
3
What is the units digit of 5044/78 + (-1)/(-3)?
5
Let c be -3*3*(-1)/3. Let h = 7 - c. Suppose -j + 5 = 4*t - 5, t + 57 = h*j. What is the tens digit of j?
1
Suppose -13*p + 12*p + 3 = 0. Suppose 4*h - 5*m = h - 16, -3*m + p = -4*h. What is the units digit of h?
3
Suppose -g - g - 10 = 0. Let b be (-44)/(-10) - (-2)/g. Suppose 2*h = -h - b*w + 2, -3*h - 3*w = -6. What is the units digit of h?
6
Suppose -4*j + 174 = 5*k - 2*j, -2*k + 66 = -j. What is the units digit of k?
4
Let c = -5 - -5. Suppose c = 2*q + q - 15. Suppose -z +